{"id":82,"date":"2023-05-06T13:35:52","date_gmt":"2023-05-06T13:35:52","guid":{"rendered":"https:\/\/fugu-performance.ch\/?page_id=82"},"modified":"2023-05-06T13:39:45","modified_gmt":"2023-05-06T13:39:45","slug":"datenschutzbestimmungen","status":"publish","type":"page","link":"https:\/\/fugu-performance.ch\/?page_id=82","title":{"rendered":"Datenschutzbestimmungen"},"content":{"rendered":"\n<p><\/p>\n\n\n\n<p>Wir, FUGU Performance, nehmen den Schutz deiner personenbezogenen Daten sehr ernst und halten uns strikt an die Regeln der Datenschutzgesetze. Personenbezogene Daten werden auf dieser Webseite nur im technisch notwendigen Umfang erhoben. Die nachfolgende Erkl\u00e4rung gibt dir einen \u00dcberblick dar\u00fcber, wie wir diesen Schutz gew\u00e4hrleisten und welche Art von Daten zu welchem Zweck erhoben werden.<\/p>\n\n\n\n<ol>\n<li>Verantwortliche Stelle<\/li>\n<\/ol>\n\n\n\n<p>Verantwortliche Stelle im Sinne der Datenschutzgesetze ist:<\/p>\n\n\n\n<p>FUGU Performance <br>Anschrift: <br>Solothurnstrasse 28<br>2542 Pieterlen <br>E-Mail Adresse: <a href=\"mailto:Info@fugu-performance.ch\">Info@fugu-performance.ch<\/a><\/p>\n\n\n\n<ol start=\"2\">\n<li>Datenverarbeitung auf dieser Webseite<\/li>\n<\/ol>\n\n\n\n<p>Unsere Webseite erhebt und speichert automatisch in ihren Server-Log-Files Informationen, die dein Browser an uns \u00fcbermittelt. Dies sind:<\/p>\n\n\n\n<ul>\n<li>Browsertyp\/ -version<\/li>\n\n\n\n<li>verwendetes Betriebssystem<\/li>\n\n\n\n<li>Referrer URL (die zuvor besuchte Seite)<\/li>\n\n\n\n<li>Hostname des zugreifenden Rechners (IP-Adresse)<\/li>\n\n\n\n<li>Uhrzeit der Serveranfrage<\/li>\n<\/ul>\n\n\n\n<p>Diese Daten sind f\u00fcr uns nicht bestimmten Personen zuordenbar. Eine Zusammenf\u00fchrung dieser Daten mit anderen Datenquellen wird nicht vorgenommen.<\/p>\n\n\n\n<ol start=\"3\">\n<li>Cookies<\/li>\n<\/ol>\n\n\n\n<p>Diese Webseite verwendet an mehreren Stellen sogenannte Cookies. Sie dienen dazu, unser Angebot nutzerfreundlicher, effektiver und sicherer zu machen. Cookies sind kleine Textdateien, die auf deinem Rechner abgelegt werden und die dein Browser speichert. Die meisten der von uns verwendeten Cookies sind sogenannte &#8222;Session-Cookies&#8220;. Sie werden nach Ende deines Besuchs automatisch gel\u00f6scht. Cookies richten auf deinem Rechner keinen Schaden an und enthalten keine Viren.<\/p>\n\n\n\n<ol start=\"4\">\n<li>Weitergabe von Daten an Dritte<\/li>\n<\/ol>\n\n\n\n<p>Eine Weitergabe deiner personenbezogenen Daten an Dritte erfolgt grunds\u00e4tzlich nicht, es sei denn, dies ist zur Erf\u00fcllung der vertraglichen Pflichten oder zur Durchsetzung unserer berechtigten Interessen erforderlich und gesetzlich zul\u00e4ssig.<\/p>\n\n\n\n<ol start=\"5\">\n<li>Auskunftsrecht<\/li>\n<\/ol>\n\n\n\n<p>Du hast jederzeit das Recht auf Auskunft \u00fcber die zu deiner Person gespeicherten Daten, deren Herkunft und Empf\u00e4nger sowie den Zweck der Datenverarbeitung. Bei Fragen zum Thema personenbezogene Daten kannst du dich jederzeit an uns wenden.<\/p>\n\n\n\n<ol start=\"6\">\n<li>\u00c4nderung dieser Datenschutzerkl\u00e4rung<\/li>\n<\/ol>\n\n\n\n<p>Wir behalten uns das Recht vor, diese Datenschutzerkl\u00e4rung bei Bedarf zu \u00e4ndern, um sie an ge\u00e4nderte Rechtslagen oder bei \u00c4nderungen des Dienstes sowie der Datenverarbeitung anzupassen. Die neue Datenschutzerkl\u00e4rung gilt dann f\u00fcr deinen n\u00e4chsten Besuch auf unserem Angebot.<\/p>\n\n\n\n<p><\/p>\n\n\n\n<ol start=\"7\">\n<li>Kontaktaufnahme<\/li>\n<\/ol>\n\n\n\n<p>Wenn du Fragen zu dieser Datenschutzerkl\u00e4rung oder zu anderen Datenschutzfragen hast, kannst du uns unter info@fugu-performance.ch erreichen.<\/p>\n","protected":false},"excerpt":{"rendered":"<p>Wir, FUGU Performance, nehmen den Schutz deiner personenbezogenen Daten sehr ernst und halten uns strikt an die Regeln der Datenschutzgesetze. Personenbezogene Daten werden auf dieser Webseite nur im technisch notwendigen Umfang erhoben. Die nachfolgende Erkl\u00e4rung gibt dir einen \u00dcberblick dar\u00fcber, wie wir diesen Schutz gew\u00e4hrleisten und welche Art von Daten zu welchem Zweck erhoben werden. [&hellip;]<\/p>\n","protected":false},"author":1,"featured_media":0,"parent":0,"menu_order":0,"comment_status":"closed","ping_status":"closed","template":"","meta":[],"_links":{"self":[{"href":"https:\/\/fugu-performance.ch\/index.php?rest_route=\/wp\/v2\/pages\/82"}],"collection":[{"href":"https:\/\/fugu-performance.ch\/index.php?rest_route=\/wp\/v2\/pages"}],"about":[{"href":"https:\/\/fugu-performance.ch\/index.php?rest_route=\/wp\/v2\/types\/page"}],"author":[{"embeddable":true,"href":"https:\/\/fugu-performance.ch\/index.php?rest_route=\/wp\/v2\/users\/1"}],"replies":[{"embeddable":true,"href":"https:\/\/fugu-performance.ch\/index.php?rest_route=%2Fwp%2Fv2%2Fcomments&post=82"}],"version-history":[{"count":1,"href":"https:\/\/fugu-performance.ch\/index.php?rest_route=\/wp\/v2\/pages\/82\/revisions"}],"predecessor-version":[{"id":84,"href":"https:\/\/fugu-performance.ch\/index.php?rest_route=\/wp\/v2\/pages\/82\/revisions\/84"}],"wp:attachment":[{"href":"https:\/\/fugu-performance.ch\/index.php?rest_route=%2Fwp%2Fv2%2Fmedia&parent=82"}],"curies":[{"name":"wp","href":"https:\/\/api.w.org\/{rel}","templated":true}]}}